+ -160. List the prime factors of (200/c)/1*(-300)/(-16).
2, 5
Suppose 0 = -0*z - 5*z + 4150. Suppose -2*g + 6 - 18 = -5*b, 0 = 4*b - 3*g - 11. Suppose -8*p = b*p - z. List the prime factors of p.
83
Suppose -2*r - h = -13047, -321*h - 6541 = -r - 325*h. What are the prime factors of r?
6521
Let n be (-14)/(70/(-465)) + 1. Let l = 940 + n. List the prime factors of l.
2, 11, 47
Let w(q) = q**3 + 9*q**2 + 14*q + 3. Let u be w(-7). Suppose -44 = u*i - 5*b - 275, 2*b - 138 = -2*i. Suppose -8*z = -9*z + i. List the prime factors of z.
2, 3
Let p = 1279 - 474. Suppose 6*z - p = 539. What are the prime factors of z?
2, 7
Suppose 10*w - 7*w = 1389. Let q = -193 + w. List the prime factors of (-60)/q - (-1 - (-911)/(-9)).
2, 3, 17
Suppose 5*s - 1914 = -4*i, 3*i + 2*s - 480 = 2*i. Suppose 0 = 2*l + 2*k - 294, i = -4*l + 7*l - 4*k. List the prime factors of l.
2, 19
Suppose -4028 = -7*r + 1915. Suppose -2*x - 2*d + 21 = -831, -5*d = 2*x - r. List the prime factors of x.
7, 61
Let i = -28479 - -35979. List the prime factors of i.
2, 3, 5
Let r(a) = 0 - 1 + 111*a + 72*a. Let x be (11/(-22))/((3/(-2))/3). List the prime factors of r(x).
2, 7, 13
Let o(h) = 6 + 18*h**2 - 7*h - 7 - h**3 - 7. Let c be o(16). Suppose -c = p - 5*p. What are the prime factors of p?
2, 7
Let b = -10 + 8. Let h(c) = -160*c + 2. Let s be h(b). Let j = s + -202. List the prime factors of j.
2, 3, 5
Let h be (14/(-21)*-1)/(2/12). Suppose -v + p + 25 = 0, 5*v + h*p - 115 = -p. What are the prime factors of v?
2, 3
Let w(q) = q + 15. Suppose -38*y + 37*y = 21. Let f be w(y). What are the prime factors of (759/9 - 3) + (-4)/f?
2, 41
Let a = -5756 + 5887. List the prime factors of a.
131
Let k(y) = 902*y - 526. List the prime factors of k(19).
2, 4153
Let m(t) be the first derivative of -51*t**2 - 30*t + 105. What are the prime factors of m(-5)?
2, 3, 5
Let a(g) = -g**3 + 23*g**2 + 24*g + 8. Let d be a(24). Suppose -2*u + 2609 = b, -d*u - 3*b + 14362 = 3929. List the prime factors of u.
1303
Let z(x) = -x**3 + 4*x**2 + 8. Let g = -47 + 50. Let p be z(g). Let a(b) = b**3 - 16*b**2 - 16*b - 7. What are the prime factors of a(p)?
2, 5
What are the prime factors of (-6)/24 - 2214405/(-180)?
2, 6151
Let g = -34124 + 78075. List the prime factors of g.
43951
Let y(g) = -22*g - 48. Let h(b) = -4*b + 4. Let x be h(-7). Suppose -x - 13 = 5*k. List the prime factors of y(k).
2, 3, 5
Let s be 122/4*2*(0 + 1). Let c = s + -61. Suppose c = -3*u + 63 + 198. List the prime factors of u.
3, 29
Suppose 0 = 4*b - 9*b - 3*q + 49, -3*b = -5*q - 9. Suppose -2*u = -b, 4*s - 7 = -s + 2*u. What are the prime factors of 150/(4*s/18)?
3, 5
Let f(o) = -22*o - 86. Let i be f(-6). Suppose 0 = i*c - 47*c + 632. What are the prime factors of c?
2, 79
Let l = -82 + 95. Suppose -16*u + l*u = -18. Suppose -6*w = u*w - 708. List the prime factors of w.
59
What are the prime factors of -18359*((-92)/184)/((-1)/(-2))?
11, 1669
Let l = 59 + -55. Let u be -2 - -3 - (-2)/(l/4). Suppose u*n = 9*n - 834. List the prime factors of n.
139
Let i(o) = o + 5. Let f be i(5). Let c = -884 + 883. What are the prime factors of 604/f - (c + (-21)/(-15))?
2, 3, 5
Suppose m + 3 + 3 = -2*x, 2*m - 12 = 4*x. Let o = -402 + 407. Suppose 2*f - 131 = -o*n, m = 3*f + 7*n - 2*n - 209. What are the prime factors of f?
2, 3, 13
Let x = -232 - -242. Suppose 3*c = l + 484, 5*l = -0 + x. What are the prime factors of c?
2, 3
Let g(d) = d**3 - 7*d**2 - 7*d - 7. Let y be g(-5). Let l = -488 - y. Let p = l - -320. What are the prime factors of p?
2, 13
Let s = 56 + -53. Suppose 2*w + 3*w + 7 = -2*f, -w - s = 0. Suppose 3*p + 19 + f = y, -5*y = p - 131. List the prime factors of y.
2, 13
Let p(u) = -43*u**2 + 2*u. Let h be p(-2). Let q = h + 417. Let d = q - 61. List the prime factors of d.
2, 3, 5
Let z be (-11)/(-99) + (-10344)/27. Let k = 359 - z. What are the prime factors of k?
2, 7, 53
Suppose -g - 2*u + 7 = -4*u, 0 = 4*g + 4*u - 16. Suppose 3*a = g*c - 1133, -3*c - 475 = -3*a - 1612. Let f = -195 - a. What are the prime factors of f?
2, 3, 31
Let z = -5998 + 10758. What are the prime factors of z?
2, 5, 7, 17
Suppose c - 273 = -271. Suppose 424 = i + c*w + 149, -5*w = 5*i - 1355. List the prime factors of i.
3, 89
Let k be ((-1364)/33)/((-1)/(-3)). Let r = 387 + k. What are the prime factors of r?
263
List the prime factors of 39*(-5)/10*(-32)/24.
2, 13
Let k(i) = -6*i**3 - 2*i**2 - 65*i - 10. Let c be k(-7). Suppose -4*b = -163 - c. What are the prime factors of b?
2, 3, 107
Let j be (651/(-279))/((-1)/6*2). Suppose -m + 6 = 3*a, -2*m + 6 = 3*a - 0*a. What are the prime factors of (a - (2 - -2)) + (228 - j)?
3, 73
Suppose 0 = 5*x + 3*z - 86 - 133, -48 = -x - 2*z. Suppose -3*c - x = -2748. List the prime factors of c.
2, 11, 41
Let u = 640 + -620. Let p(q) = 33*q + 165. List the prime factors of p(u).
3, 5, 11
Suppose -30*k - 61*k + 73277 = -676472. List the prime factors of k.
7, 11, 107
Suppose -5*j + 4*j - 2 = 0, 3*f + 5*j + 52 = 0. Let q(k) = -k**3 - 16*k**2 - 30*k + 33. What are the prime factors of q(f)?
61
List the prime factors of 7/1 - (-328351)/101.
2, 3, 181
Suppose -5*m + 14990 = -i, 23*m - 20*m - 4*i = 9011. List the prime factors of m.
3, 37
Suppose -s + 6524 + 12405 = -u, -75736 = -4*s + 14*u. List the prime factors of s.
3, 701
Let d = -5854 + 5854. Let f(b) be the third derivative of b**6/120 + b**4/24 + 14*b**3/3 - b**2. List the prime factors of f(d).
2, 7
Suppose -f + 5*m = 20, 4*f + 2*m - 7 = 23. Let w be (16/6 + -4)*30/8. List the prime factors of w + (162 - (f + -1)).
3, 17
Let j = -343 - -5561. What are the prime factors of j?
2, 2609
Let y(v) = 191*v**2 + 3*v - 59. What are the prime factors of y(-6)?
13, 523
Suppose -12*t + 15*t + 146*t = 408707. What are the prime factors of t?
13, 211
Let k = 37 - 37. Suppose x = 2*x + 4*o + 13, k = -5*o - 20. Suppose -87 = x*p - 594. What are the prime factors of p?
13
Let h be 4990*(4 - 68/20). Suppose -3*p - h = -3*i - 798, 5*p - 1464 = -2*i. List the prime factors of i.
2, 3, 61
Let b = 5078 + -362. Suppose -18*j + 108 = -b. List the prime factors of j.
2, 67
Let v = 11109 - 6534. List the prime factors of v.
3, 5, 61
Let a(n) = -13*n**3 + 3*n**2 + 17*n + 40. What are the prime factors of a(-16)?
2, 3, 83
Suppose 2*o + 2*q = 14 - 6, -q = -4*o + 6. Suppose 4*r - 2 = o. Suppose -5*n = -576 + r. List the prime factors of n.
5, 23
Let b(k) = -23*k - 66. Let q be b(-3). List the prime factors of -6 + 864 + -1 + q.
2, 5, 43
Suppose 4*q = -20, o - 207 = 2*q - 118. What are the prime factors of o?
79
Suppose -6*k - 257376 = -9*k - 53*k. What are the prime factors of k?
2, 3, 383
Let f(o) = o**3 + 12*o**2 + 23*o + 33. Let k be f(-8). Let j = k - 105. Suppose j*t + 294 = 3*t. What are the prime factors of t?
2, 7
Suppose -127063 = -35*n - 26*n. List the prime factors of n.
2083
Let y(u) be the third derivative of -56*u**4/3 + 22*u**3/3 - 124*u**2. What are the prime factors of y(-1)?
2, 3, 41
Let f = 3957 + -2753. What are the prime factors of f?
2, 7, 43
Let b(q) = -1024*q + 16831. List the prime factors of b(-68).
3, 13, 739
Let i = 64 + -67. Let c be (0 - -3)/i - (5 + -2). List the prime factors of (2 + 46/10)/(c/(-20)).
3, 11
Let m(y) = -16*y - 12. Let v = 106 - 129. List the prime factors of m(v).
2, 89
Let j be 1 - (3 + (2 - 891)). Let r = -358 - -615. Suppose r = -7*h + j. List the prime factors of h.
2, 3, 5
Suppose 3*v = -b - 12, -5*b + 4*v + 0*v + 16 = 0. Suppose -14*t + 17*t - 120 = b. Let g = -7 + t. List the prime factors of g.
3, 11
Suppose 0 = 2*g - 45671 - 19615. Suppose -3*m - 36*m + g = 0. What are the prime factors of m?
3, 31
List the prime factors of (-71 - -3)*(441/(-4) + 14).
5, 7, 11, 17
Let g(c) = 575*c**2 - 24*c - 58. What are the prime factors of g(-3)?
5189
List the prime factors of (6 + (26 - 93))*1*-82.
2, 41, 61
Let s(a) = 570*a + 3509. What are the prime factors of s(22)?
11, 1459
Let n(b) = -b**2 + 9*b - 9. Let z be n(7). Let x = z - -1. Suppose -5*m + x*m - 25 = 0. What are the prime factors of m?
5
Suppose x = 6*q - 2*q - 5, 4*x = 5*q - 20. Suppose q = -3*n - 533 - 148. Let f = n + 322. What are the prime factors of f?
5, 19
Suppose 4 = -60*r + 62*r, s + 3*r - 21108 = 0. List the prime factors of s.
2, 3, 3517
Suppose -12*a + 9*a - 906 = 0. Let n = a - -68